= -2*l - v. What is the units digit of l?
2
Suppose 4*t + 1 = 17. Suppose 0 = -t*s - 0*s. Suppose -35 = -s*j - 5*j. What is the units digit of j?
7
Suppose -2*g + 22 = 5*m - 3, 2*g = 10. Suppose 0 = 4*d + 3*r - 14, -r + 4 = 4*d - m*r. What is the units digit of d?
2
Let l = -40 + 64. Suppose -70 = -6*g + g. Let x = l - g. What is the units digit of x?
0
Let j(q) = q**3 + 6*q**2. Let o be j(-6). Suppose o = -9*d + 4*d. Suppose d*h = 4*h - 12. What is the units digit of h?
3
Let u(k) = -k**2 - 2*k + 200. What is the hundreds digit of u(0)?
2
Let a be -5 + (3 - (1 + 2)). Let p be 4*(-1 + 1/2). What is the units digit of 6*(a/(-2) + p)?
3
Suppose 0*t = -t - 1. Let j = t - 3. Let k = 6 + j. What is the units digit of k?
2
Let c be 3 + (1/1 - -1). Suppose -86 = -4*p + 2*u, -p + 1 = c*u - 15. What is the tens digit of p?
2
What is the units digit of (-2)/(7/((-2422)/4))?
3
Let o(u) = -u**3 + 3*u**2 + 1. Let d(a) = -2*a**3 + 7*a**2 + 2. Let c(i) = -3*d(i) + 7*o(i). Let k be c(1). Suppose w - 3 = -k. What is the units digit of w?
3
Let b be 10/8 - (-2)/(-8). Let y be 0 + b + -1 + 0. What is the units digit of 0 + -2 + (3 - y)?
1
What is the tens digit of -9*(-84)/9 - 3?
8
Suppose -23*m + 25*m = 322. What is the units digit of m?
1
Let n = 85 + -43. Let u = -14 + n. Suppose 7*g + u = q + 3*g, 0 = -3*q + 4*g + 52. What is the tens digit of q?
1
Let n(b) = -b**3 + 3*b**2 + 5*b - 1. Suppose z - 8 = -4*q, 3 - 1 = -z + q. Let c = z - -4. What is the units digit of n(c)?
3
Suppose -2*u - n = -69, 7*u = 5*u - 3*n + 63. What is the units digit of u?
6
Suppose 4*d = 3*n + 122, 46 = 3*d + n - 52. What is the units digit of d?
2
Let f = 17 + -11. What is the units digit of f?
6
Let u = 123 + -16. Suppose 0 = -4*n + 5*n - 3. Suppose 5*w + 2*j = 3*w + 46, 5*w - n*j = u. What is the units digit of w?
2
Let h(y) = 92*y**2 + 2*y + 1. What is the tens digit of h(-1)?
9
Let q(h) be the first derivative of -h**3/3 - 7*h**2/2 + 11*h - 3. What is the units digit of q(-8)?
3
Let t = -4 + 5. Let h be t/1 + 2/1. What is the units digit of 41/h + 3/9?
4
What is the tens digit of (12/(-2))/((-27)/612)?
3
What is the units digit of (-4 - 3)*4*-5?
0
Let b = -3 + 3. Suppose b = -s + 11. What is the units digit of s?
1
Suppose -10*v - v = -1386. What is the tens digit of v?
2
Let m(p) = 5*p + 3*p - 6*p + p**2 - 1. Let i be m(-3). Suppose -2*a + 6*a + 4*o = 4, -2*o - i = a. What is the units digit of a?
4
Suppose 3*n - 7 - 2 = 0. Suppose 0 - 6 = -n*s. What is the units digit of 2*s/(-4)*-4?
4
Suppose 2*u = -8 + 48. Suppose -h - 7 = -u. What is the tens digit of h?
1
Suppose -4*f + 146 = -2*f. Let p = -29 + f. Suppose -p + 16 = -4*b. What is the units digit of b?
7
Let n(s) = s**3 + 2*s**2 - 4*s - 1. What is the units digit of n(3)?
2
What is the tens digit of -4 + 3/(6/50)?
2
Let m(b) be the third derivative of b**5/60 + b**4/6 + 2*b**2. Suppose 4*d + 3*n + 27 = 0, -d - 2 - 6 = 2*n. What is the units digit of m(d)?
2
Let b = -99 - -114. What is the units digit of b?
5
Let z(w) be the first derivative of -4*w**2 + 7*w - 8. What is the tens digit of z(-5)?
4
Suppose -5*k = -4*s - 14 - 5, -4*s - 13 = -3*k. Let u be 8 + -1 + 2 + -4. What is the units digit of s/u + (-72)/(-10)?
7
Let x(s) = 2*s**3 + 0*s - s**3 + 5*s**2 + 3*s - 4 - 11*s**2. Let l be x(6). Suppose -2*m + l + 18 = 0. What is the units digit of m?
6
Let f(p) = -p**3 + 5*p**2 - 4*p + 1. Let u be f(3). Suppose 2*g = 3*h + 37, -3*g = 2*h - u*h - 56. What is the tens digit of g?
1
Let v(h) = -h**3 - 7*h**2 - 6*h + 3. Suppose 6 = -f - 2*z, f = 5*z + 22 + 7. Let x = f - 10. What is the units digit of v(x)?
3
What is the tens digit of (-6)/9 - (-203)/3?
6
Let j be (-2 + 1)*1*2. Let k = 4 + j. What is the units digit of k?
2
Let w(x) = 11*x + 9. Let d be w(5). Let f = d - 35. What is the units digit of f?
9
Let r = -4 - -8. Suppose 0*t - 28 = -t + 4*w, 5*t - r*w = 204. What is the tens digit of t?
4
Suppose 4*j - 196 - 188 = 0. Suppose 5*o + 2*z - j = 0, -4*o + 4*z + 88 = -0*z. What is the units digit of o?
0
Suppose -20 = 5*r + 5*t, r - 2*r - 3*t = 12. Suppose -52 = -2*k - r*k. What is the tens digit of k?
2
Let c be 2/8 + 291/(-12). Let v = c + 36. What is the units digit of v?
2
Suppose 0 = -7*x + 2*x + 170. What is the units digit of x?
4
Let g(s) be the second derivative of 7*s**4/6 + s**2/2 - s. What is the tens digit of g(-1)?
1
Let n be 6/(-4)*10/(-3). Suppose p + n*c = -21, 6*p = 3*p - c + 7. What is the units digit of p?
4
Suppose -6 = 5*w - 16. Suppose 5*q + 0*q = -5*h + 55, -5*h = -w*q + 8. What is the units digit of q?
9
Let h(q) = -4*q**2 + 6*q + 6. Let o be h(-4). Let t = -47 - o. What is the tens digit of t?
3
Suppose m = z + 21, 36 = 3*m - 2*m - 4*z. What is the tens digit of m?
1
Let u be 4 + -4 + -4 - -8. Suppose -u*f - 49 = -213. What is the units digit of f?
1
Suppose 4 = -3*m + 7*m. What is the units digit of m?
1
Let l be (4/(-10))/((-9)/45). Suppose -5*i = -2*i + 2*z, -z = 0. What is the units digit of l + -4 - (i + -3)?
1
Let t be (-5)/((-2)/(-12)*-2). Suppose -v + 6*v - t = 0. What is the units digit of v?
3
Let b be (105/20)/((-6)/(-32)). Suppose y + 0*q - 2*q = 15, 38 = 2*y + 4*q. Suppose -5*g = -b - y. What is the units digit of g?
9
Let y be 5*2*(-3 + 7). Suppose 6*v - y = v. What is the units digit of v?
8
Suppose 0 = -6*j + 216 - 66. What is the tens digit of j?
2
Let m = 11 + -2. What is the units digit of m?
9
Suppose -3*w = -2*w + 3*b - 60, -320 = -4*w + 4*b. What is the units digit of w?
5
Suppose -w = -13 + 11. Suppose 0 = 4*h + 2*a - 106, 2*a = -w*h + 23 + 35. What is the units digit of h?
4
Suppose 11*c = 14*c - 6. Suppose 2*u - u = -c*w + 7, 2*u = -5*w + 16. What is the units digit of u?
3
Suppose -i = -6*s + 4*s + 58, -88 = -4*s - 5*i. Suppose -3*q - s = -6*q. What is the units digit of q?
9
Let v = 391 + -256. What is the tens digit of v?
3
Let i(y) = -y**2 - 5*y - 2. Let d be i(-3). Suppose d*j + 12 = 4*c, 0 = -3*c - 2*j - j + 21. What is the units digit of c?
5
Let o = -4 + 19. Let q = o + 39. What is the units digit of q?
4
Suppose -3*r = -5*r. Suppose 4*s - 6*s - 3*t = -4, -2*s + t = -12. Suppose c = -0*c - 3*v + 21, -s*c - v + 77 = r. What is the units digit of c?
5
Let w = 120 - 64. Let f = 12 + -7. Suppose 2*u + 3*x = -2*x + f, -5*u + 2*x = -w. What is the tens digit of u?
1
Let y be (0/2 + 1)*2. Suppose c + 28 = 4*a - y*c, -4*a + 2*c + 24 = 0. Let h(r) = -r**3 + 4*r**2 + r - 3. What is the units digit of h(a)?
1
Let g = 11 + 0. What is the units digit of g?
1
Let h(o) = -2*o - 2. Let w(f) = f + 1. Let a(x) = -4*h(x) - 9*w(x). Let p be a(6). What is the units digit of (-26)/p + 2/7?
4
Suppose 4*y + 10 = -2*i - 2, -4*i - 2*y - 18 = 0. What is the units digit of (2/i - -1)*14?
7
Suppose -4*d - h - 19 = 0, 2*d + h + h + 8 = 0. Suppose k - 5*u = 27, -2*u = k - 5*u - 17. What is the units digit of k*(5/(-2))/d?
1
Suppose -16 = -4*p - 0*p. Let a be p/10 + (-356)/(-10). What is the units digit of (2/(-6))/((-2)/a)?
6
Let x be 0 + 9*6/(-9). What is the units digit of (-5)/(-1) + x/2?
2
Let t = 62 + -19. Let r be ((-4)/(-3) + -1)*(2 + 7). What is the units digit of t/r - (-2)/(-6)?
4
Let q(a) be the first derivative of a**4/4 + a**3/3 + 45*a + 3. Let v be q(0). Suppose v = 4*x - 3. What is the units digit of x?
2
Suppose -5*v - 135 = -3*m + 98, -5*m - 2*v = -347. What is the units digit of m?
1
Suppose -3*r + 187 = 4*v, 2*r - r - 3*v - 71 = 0. What is the units digit of r?
5
Let r = -4 + 1. Let q be ((-24)/(-9) + -2)*r. Let v = -1 - q. What is the units digit of v?
1
Let y be ((-15)/21 + 1)*7. Suppose -y*r = -5*g - 4*r + 131, 5*g = r + 122. What is the tens digit of g?
2
Suppose -656 = 3*l - 7*l. What is the units digit of l?
4
Let w be (-9)/11 - 12/66. Let r be w/(-2 - (-15)/9). Suppose 0 = -r*a - 3*n - n + 25, 40 = 3*a + n. What is the units digit of a?
5
What is the tens digit of (1/3)/((-1)/(-48))?
1
Let y = 23 + 1. What is the units digit of y?
4
Let d be (1/(-2))/(2/(-16)). Suppose 35 = d*t - 1. What is the units digit of t?
9
Let o(m) = -5*m + 1. Let r be o(-1). Suppose -32 = -2*a + r*a. Let g = a - -25. What is the units digit of g?
7
Suppose -c + 14 = -3*c. What is the units digit of (18/(-4))/(c/14)?
9
Suppose 2*f - 146 = 3*h, h = -5*f - 0*h + 399. What is the tens digit of f?
7